en 5624277 is divided by 1874756?
9
Calculate the remainder when 219917 is divided by 1021.
402
Calculate the remainder when 1469799 is divided by 200.
199
What is the remainder when 403194 is divided by 496?
442
Calculate the remainder when 837071 is divided by 761.
732
Calculate the remainder when 8103035 is divided by 3389.
3325
What is the remainder when 498291 is divided by 325?
66
Calculate the remainder when 1488530 is divided by 53.
25
What is the remainder when 45450450 is divided by 461?
460
Calculate the remainder when 31209259 is divided by 33997.
13
What is the remainder when 48600 is divided by 2851?
133
Calculate the remainder when 35234206 is divided by 76.
74
What is the remainder when 189904 is divided by 36?
4
What is the remainder when 262531 is divided by 127?
22
What is the remainder when 11079575 is divided by 34?
29
What is the remainder when 65068 is divided by 64099?
969
What is the remainder when 51441 is divided by 72?
33
What is the remainder when 1197684 is divided by 735?
369
What is the remainder when 72041 is divided by 8086?
7353
What is the remainder when 166058990 is divided by 139?
138
Calculate the remainder when 1621907 is divided by 405470.
27
What is the remainder when 111541 is divided by 110283?
1258
Calculate the remainder when 5875398 is divided by 5875372.
26
Calculate the remainder when 23543775 is divided by 537.
84
What is the remainder when 16684 is divided by 1759?
853
Calculate the remainder when 1341670 is divided by 172.
70
What is the remainder when 5288442 is divided by 1573?
16
Calculate the remainder when 209148669 is divided by 16.
13
Calculate the remainder when 6052 is divided by 4702.
1350
Calculate the remainder when 47222879 is divided by 131.
130
Calculate the remainder when 148994 is divided by 14899.
4
What is the remainder when 5001800 is divided by 20332?
128
Calculate the remainder when 48738176 is divided by 1949527.
1
Calculate the remainder when 4673984 is divided by 3280.
3264
Calculate the remainder when 51181 is divided by 314.
313
What is the remainder when 46321899 is divided by 20?
19
Calculate the remainder when 6189108 is divided by 960.
948
Calculate the remainder when 8680964 is divided by 59.
58
Calculate the remainder when 204755 is divided by 100737.
3281
Calculate the remainder when 3058698 is divided by 1529271.
156
Calculate the remainder when 5224502 is divided by 11284.
10
What is the remainder when 67115607 is divided by 137?
129
Calculate the remainder when 33293444 is divided by 951241.
9
Calculate the remainder when 115581183 is divided by 71.
70
Calculate the remainder when 4100 is divided by 329.
152
What is the remainder when 49305305 is divided by 2061?
2
Calculate the remainder when 766691 is divided by 3247.
399
Calculate the remainder when 12179 is divided by 1893.
821
What is the remainder when 1694794 is divided by 583?
13
Calculate the remainder when 1344146 is divided by 40.
26
What is the remainder when 459018 is divided by 250?
18
Calculate the remainder when 445715 is divided by 3096.
2987
Calculate the remainder when 1684044 is divided by 52626.
12
What is the remainder when 134176 is divided by 522?
22
What is the remainder when 61659639 is divided by 127?
123
Calculate the remainder when 1120270 is divided by 6958.
32
What is the remainder when 44188 is divided by 22025?
138
What is the remainder when 22651 is divided by 22482?
169
What is the remainder when 54097404 is divided by 16671?
9
Calculate the remainder when 403862 is divided by 1086.
956
Calculate the remainder when 55346880 is divided by 1132.
4
What is the remainder when 93177 is divided by 92321?
856
Calculate the remainder when 182594 is divided by 60850.
44
What is the remainder when 131 is divided by 24?
11
What is the remainder when 8539461 is divided by 284643?
171
Calculate the remainder when 1954235 is divided by 5.
0
What is the remainder when 1530192 is divided by 129?
123
What is the remainder when 1163575 is divided by 7230?
6775
What is the remainder when 888341 is divided by 6083?
223
What is the remainder when 5489 is divided by 880?
209
What is the remainder when 161313 is divided by 76617?
8079
What is the remainder when 208338 is divided by 207351?
987
Calculate the remainder when 18376760 is divided by 74.
44
Calculate the remainder when 105231 is divided by 52337.
557
What is the remainder when 8730878 is divided by 18?
14
What is the remainder when 21217625 is divided by 4243523?
10
What is the remainder when 1551895 is divided by 1437?
1372
What is the remainder when 126717061 is divided by 42239016?
13
Calculate the remainder when 25516 is divided by 23805.
1711
What is the remainder when 638981 is divided by 122?
67
What is the remainder when 6996332 is divided by 74429?
6
What is the remainder when 194983841 is divided by 1711?
1703
Calculate the remainder when 26679153 is divided by 177860.
153
Calculate the remainder when 80035650 is divided by 73.
56
What is the remainder when 3641 is divided by 328?
33
Calculate the remainder when 1496049 is divided by 4349.
4342
What is the remainder when 104459 is divided by 103254?
1205
Calculate the remainder when 1226864 is divided by 10761.
110
What is the remainder when 182223 is divided by 20244?
27
Calculate the remainder when 10117 is divided by 4543.
1031
Calculate the remainder when 4440664 is divided by 252.
172
What is the remainder when 13994544 is divided by 468?
408
What is the remainder when 250936 is divided by 62568?
664
Calculate the remainder when 89555082 is divided by 366.
6
What is the remainder when 136458 is divided by 43343?
6429
Calculate the remainder when 166895724 is divided by 5439.
9
What is the remainder when 597887 is divided by 99643?
29
Calculate the remainder when 427302 is divided by 189.
162
What is the remainder when 19800117 is divided by 214?
195
What is the remainder when 26457130 is divided by 5634?
5500
Calculate the remainder when 842533 is divided by 4012.
13
Calculate the remainder when 11128449 is divided by 206082.
21
Calculate the remainder when 51863757 is divided by 12965937.
9
What is the remainder when 53878 is divided by 85?
73
What is the remainder when 426996 is divided by 157?
113
What is the remainder when 5485448 is divided by 294?
290
Calculate the remainder when 267849 is divided by 24349.
10
What is the remainder when 1513517 is divided by 1434?
647
What is the remainder when 15323929 is divided by 206?
1
What is the remainder when 14350153 is divided by 311?
302
What is the remainder when 425763 is divided by 574?
429
What is the remainder when 128580112 is divided by 4091?
4073
What is the remainder when 124345 is divided by 123591?
754
What is the remainder when 6202819 is divided by 136?
131
What is the remainder when 76089 is divided by 12662?
117
What is the remainder when 4274479 is divided by 257?
55
What is the remainder when 487222 is divided by 162052?
1066
Calculate the remainder when 10794653 is divided by 1302.
1073
Calculate the remainder when 1304174 is divided by 2288.
14
What is the remainder when 692344 is divided by 87?
85
Calculate the remainder when 15381 is divided by 1917.
45
What is the remainder when 225939 is divided by 28222?
163
Calculate the remainder when 4290 is divided by 574.
272
What is the remainder when 5929397 is divided by 460?
457
What is the remainder when 60779497 is divided by 4929?
4927
What is the remainder when 98912 is divided by 2109?
1898
Calculate the remainder when 550911804 is divided by 1128.
1116
Calculate the remainder when 1880206 is divided by 25.
6
What is the remainder when 296528759 is divided by 618?
617
What is the remainder when 558462 is divided by 27779?
2882
What is the remainder when 16193494 is divided by 90?
64
What is the remainder when 1762602 is divided by 25180?
2
What is the remainder when 19614 is divided by 1326?
1050
What is the remainder when 486540 is divided by 1954?
1948
Calculate the remainder when 80353 is divided by 1497.
1012
Calculate the remainder when 46601013 is divided by 66.
63
Calculate the remainder when 7921 is divided by 1302.
109
What is the remainder when 79108548 is divided by 1245?
3
What is the remainder when 474327226 is divided by 845?
841